*w**2 - 23*w - 114. Calculate o(-4).
10
Let i(k) = -k**2 - 8*k - 13. Give i(-13).
-78
Let d(a) = -a**2 + 9*a - 4. What is d(9)?
-4
Let u(c) = 6*c - 99. What is u(12)?
-27
Let y(p) = 106*p + 429. What is y(-4)?
5
Let w(z) = -5*z**3 + z**2 - z. What is w(1)?
-5
Let d(u) = -u**3 + 8*u**2 - 3*u + 11. Give d(6).
65
Let y(o) = -27*o - 1. Determine y(-1).
26
Let r(d) = -d**3 - 6*d**2 + 6*d - 5. Calculate r(-7).
2
Let o(d) = d**3 - 22*d**2 + d - 25. Give o(22).
-3
Let w(b) = 5*b**2 - 6*b + 1. Give w(1).
0
Let w(o) = o**2 + 3*o - 7. Determine w(4).
21
Let r(s) = s**3 - 10*s**2 + 18*s - 14. Calculate r(8).
2
Let t(m) = -3*m**2 + 2*m - 1. Calculate t(1).
-2
Let y(i) = 5*i + 4. Determine y(5).
29
Let b(d) = 8*d - 3. Calculate b(-2).
-19
Let o(g) = 8*g - 2. Calculate o(1).
6
Let r(l) = -6*l**3 + 3*l**2 + 3*l + 4. Give r(-2).
58
Let a(u) = u**3 + 6*u**2 + 4*u - 31. Calculate a(-5).
-26
Let o(p) = 3*p**3 + 35*p**2 - 14*p - 1. Give o(-12).
23
Let q(o) = o**2 + 4. Calculate q(6).
40
Let u(t) = t**3 - 11*t**2 + t - 6. Calculate u(11).
5
Let v(d) = -9*d - 462. Calculate v(-55).
33
Let j(r) = r. Give j(-2).
-2
Let b(d) = -17*d. Give b(1).
-17
Let v(j) = -10*j - 25. Calculate v(-12).
95
Let y(n) = -5*n - 2. Give y(1).
-7
Let u(t) = -2*t**3 + 7*t**2 + 8*t - 9. Determine u(4).
7
Let x(u) = 3*u**2 + 10*u + 12. Give x(-2).
4
Let z(m) = -m**2 + 6*m - 3. What is z(10)?
-43
Let o(k) = -k**3 + k - 26. Calculate o(0).
-26
Let c(b) = -17*b - 3. Give c(-1).
14
Let t(i) = i + 71. What is t(-20)?
51
Let f(r) = -r**3 - r + 1. Determine f(3).
-29
Let a(v) = -5*v + 12. Give a(4).
-8
Let o(q) = q**2 + 21*q + 121. Give o(-8).
17
Let c(p) = -p + 14. Give c(11).
3
Let s(c) = -c**3 - 11*c**2 - 10*c + 9. Determine s(-10).
9
Let o(i) = -i**3 + 3*i**2 + i + 1. Determine o(4).
-11
Let f(g) = -g**2 + 10*g - 11. Determine f(12).
-35
Let z(q) = -2*q + 22. Calculate z(0).
22
Let i(m) = -7*m + 3. Determine i(-5).
38
Let y(g) = -47*g - 253. Give y(-5).
-18
Let a(j) = j**3 + 4*j**2 + 4*j + 2. Calculate a(-2).
2
Let p(b) = b**3 + 8*b**2 - 8*b + 10. Calculate p(-9).
1
Let f(r) = -2*r**3 - 2*r**2 + 9*r + 3. Calculate f(-4).
63
Let j(c) = c - 50. What is j(6)?
-44
Let i(x) = -x**3 - 4*x**2 - x - 2. What is i(-6)?
76
Let z(j) = j**2 - 5*j + 19. Determine z(0).
19
Let w(m) = -17*m**3 + m**2. Determine w(1).
-16
Let p(u) = u**2 - 20*u - 31. Calculate p(21).
-10
Let u(g) = 29*g - 5. Determine u(1).
24
Let h(m) = -10*m + 10. Determine h(4).
-30
Let m(i) = -i**3 - 5*i**2 + 6*i - 13. Determine m(-6).
-13
Let x(h) = -h**2 - 50*h - 272. Give x(-44).
-8
Let r(o) = 2*o**2 - 7*o + 5. Determine r(3).
2
Let g(u) = 4*u - 20. What is g(7)?
8
Let h(n) = n**3 + 11*n**2 - 11*n + 15. Determine h(-12).
3
Let r(d) = 19*d + 105. Determine r(-10).
-85
Let s(b) = b**3 + 21*b**2 - 23*b - 2. Calculate s(-22).
20
Let w(a) = -5*a + 2. Give w(3).
-13
Let z(r) = -6*r - 9. Determine z(-7).
33
Let f(o) = -o**2 - 11*o - 32. Calculate f(-5).
-2
Let s(x) = -x**3 - 6*x**2 + 7*x - 3. Calculate s(-7).
-3
Let v(l) = -7*l + 14. Calculate v(5).
-21
Let b(q) = -3*q - 4. Give b(3).
-13
Let v(f) = -11*f - 64. Calculate v(-6).
2
Let q(k) = -3*k + 13. Determine q(0).
13
Let r(o) = -3*o**2 + 2*o + 2. What is r(-1)?
-3
Let h(n) = n**2 - 15*n - 21. Calculate h(17).
13
Let t(k) = k**3 + 28*k**2 - 60*k + 6. Give t(-30).
6
Let s(r) = -4*r - 12. Give s(-6).
12
Let o(y) = -y**3 - 5*y**2 - 2*y - 32. Give o(-5).
-22
Let s(x) = -x**3 + 9*x**2 - x. Give s(9).
-9
Let q(r) = r**3 + r**2 + r + 1. Give q(-2).
-5
Let d(k) = -4*k - 7. Calculate d(-3).
5
Let h(j) = 12*j. Calculate h(-1).
-12
Let g(z) = -3*z**2 + z + 3. Give g(3).
-21
Let d(c) = 5*c - 84. What is d(12)?
-24
Let s(j) = -2*j**2 - 10*j - 1. What is s(-5)?
-1
Let n(a) = 9*a - 6. What is n(4)?
30
Let x(j) = 58*j + 346. Give x(-6).
-2
Let n(l) = -l + 1. Calculate n(6).
-5
Let b(h) = -8*h**3 + h**2 - h. Calculate b(1).
-8
Let r(f) = -6*f - 8. Calculate r(6).
-44
Let l(a) = -2*a**2 - 4*a + 3. Give l(5).
-67
Let h(g) = -g**2 - 2*g + 1. Determine h(-4).
-7
Let a(f) = -41*f - 199. Determine a(-5).
6
Let n(p) = p**2 + 26*p - 225. Give n(7).
6
Let m(b) = b**3 + 6*b**2 - 4*b - 12. Determine m(-7).
-33
Let j(b) = b**2 - 10*b + 3. Determine j(6).
-21
Let u(m) = -m**3 - 2*m**2 - 7*m - 7. Determine u(-2).
7
Let y(k) = -k**2 + 6*k + 59. Calculate y(10).
19
Let h(o) = 8*o**2 + 2*o - 1. Determine h(-2).
27
Let m(h) = -33*h - 91. Give m(-3).
8
Let t(o) = -3*o - 18. What is t(-4)?
-6
Let k(i) = -i**3 + 7*i**2 + 2*i + 17. Determine k(8).
-31
Let b(i) = i**2 - 7*i + 19. Calculate b(9).
37
Let i(g) = -g**2 + 2*g + 6. Determine i(-4).
-18
Let c(g) = g**3 - 13*g**2 - 15*g + 3. Calculate c(14).
-11
Let k(z) = z**2 - z - 16. Calculate k(5).
4
Let y(f) = f**3 + f. Give y(2).
10
Let n(u) = 5*u**2 + 19*u + 35. What is n(-2)?
17
Let v(n) = -n**3 + 10*n**2 - 18*n + 41. Give v(9).
-40
Let a(z) = -z**2 + 9*z + 4. Give a(10).
-6
Let k(b) = -b**2 + 6*b + 27. Give k(9).
0
Let c(y) = -7*y - 64. What is c(-7)?
-15
Let i(l) = -7*l + 85. Calculate i(18).
-41
Let g(o) = -19*o**3 - 2*o**2 + 3*o - 1. Determine g(1).
-19
Let a(g) = 13*g - 83. Calculate a(7).
8
Let n(o) = o**2 - 14*o + 37. Give n(7).
-12
Let z(h) = -2*h**2 + 13*h - 29. Give z(3).
-8
Let c(a) = a**2 + 4*a + 2. Give c(-5).
7
Let h(n) = -12*n - 126. Calculate h(-12).
18
Let r(q) = 12*q. Calculate r(-4).
-48
Let i(r) = r**2 - 1. Determine i(1).
0
Let r(a) = -a**3 + 3*a**2 + 4*a + 4. Determine r(4).
4
Let f(x) = 5*x + 5. Give f(7).
40
Let b(k) = -k**3 - 3*k**2 + 2*k - 1. Determine b(2).
-17
Let l(a) = a**2 + 20*a - 19. What is l(-21)?
2
Let l(y) = 2*y + 2. What is l(6)?
14
Let n(s) = -2*s**2. Determine n(2).
-8
Let q(o) = -o**3 - 16*o**2 + 161*o + 6. Give q(-23).
6
Let m(u) = -6*u**3 + 2*u**2 + 4*u. Calculate m(0).
0
Let f(x) = -x**2 + 3*x + 12. What is f(5)?
2
Let n(h) = 8*h + 192. Calculate n(-23).
8
Let o(v) = 10*v - 438. Calculate o(44).
2
Let y(w) = -6*w - 167. Determine y(-31).
19
Let v(x) = 4*x - 6. Calculate v(3).
6
Let n(p) = -8*p + 19. What is n(2)?
3
Let q(l) = -6*l - 19. What is q(-4)?
5
Let w(m) = m**2 + 16*m + 35. Give w(-12).
-13
Let u(j) = 12*j + 23. Determine u(0).
23
Let h(x) = 2*x**3 + 8*x**2 - 2*x + 25. Determine h(-5).
-15
Let f(y) = -7*y + 4. Calculate f(-4).
32
Let h(b) = b - 1. What is h(-3)?
-4
Let b(w) = 3*w + 5. Calculate b(0).
5
Let a(p) = -12*p + 41. What is a(4)?
-7
Let n(o) = -o - 38. Give n(-8).
-30
Let h(b) = -b + 7. Determine h(4).
3
Let d(n) = -n**2 + 23*n + 64. What is d(25)?
14
Let i(p) = 9*p - 59. What is i(7)?
4
Let q(l) = l + 7. Calculate q(-10).
-3
Let n(u) = -7*u**3 - 20*u**2 + 6*u + 3. Determine n(-3).
-6
Let u(x) = 4*x**3 - 4*x**2 - 6*x - 1. Determine u(-1).
-3
Let v(f) = -5*f + 3. What is v(7)?
-32
Let l(h) = 3*h**2 + 4*h + 6. Determine l(-5).
61
Let t(r) = -r - 4. Calculate t(1).
-5
Let o(f) = 4*f**2 - 5*f + 10. What is o(4)?
54
Let v(i) = -i + 8. Calculate v(8).
0
Let m(o) = -o**3 + 7*o**2 - 20*o - 6. Calculate m(5).
-56
Let v(b) = b**3 + 7*b**2 - b - 7. Calculate v(-8).
-63
Let u(i) = i**3 + 2*i**2 - 2*i + 2. Calculate u(0).
2
Let y(g) = -g**2 - 13*g - 12. Calculate y(-10).
18
Let a(i) = 3*i + 8. Calculate a(-5).
-7
Let r(s) = -60*s**2 - 2*s. What is r(-1)?
-58
Let b(n) = 31*n - 2. Give b(-1).
-33
Let h(p) = -p + 4. Calculate h(9).
-5
Let a(p) = -p**3 + 21*p**2 - 6*p + 102. Give a(21).
-24
Let l(r) = -11*r + 36. Give l(12).
-96
Let k(j) = 34*j - 114. Give k(3).
-12
Let u(c) = 27*c + 842. Calculate u(-31).
5
Let t(w) = w**3 - 4*w**2 - 3*w - 7. Give t(4).
-19
Let s(n) = 9*n - 2. What is s(2)?
16
Let z(d) = 8*d - 92. Give z(12).
4
Let r(h) = 19*h + 112. What is r(-6)?
-2
Let i(r) = r**2 - 10*r + 3. Calculate i(11).
14
Let o(x) = 2*x**2 - 6*x - 4. Give o(5).
16
Let u(f) = f**2 + 11*f + 11. Calculate u(-9).
-7
Let w(r) = r + 9. What is w(-4)?
5
Let t(s) = 3*s - 1. Calculate t(-2).
-7
Let q(u) = u**2 - 16*u + 36. Determine q(11).
-19
Let l(s) = -s**3 + 17*s**2 + 2*s + 14. Calculate l(17).
48
Let i(x) = -x**2 + 7*x - 22. Determine i(0).
-22
Let w(m) = m**3 - 2*m**2 - 8*m - 11. What is w(-4)?
-75
Let q(h) = h**3 - 4*h**2 - 2*h - 2. Give q(0).
-2
Let k(p) = 8*p - 15. Determine k(-4).
-47
Let n(f) = -4*f**2 + 3*f + 2. Determine n(-1).
-5
Let k(x) = -2*x + 11. What is k(2)?
7
Let k(j) = 40*j - 1766. Give k(44).
-6
Let r(u) = u**3 + 9*u**2 + 15